Dec 02 05:46:15.309 INFO testing Luke-Draper/MSTS-RS against master#8940af3cea4a9a9deabcaf843b2f8cad9a83fc61 for beta-1.31-5
Dec 02 05:46:15.309 INFO running `"docker" "create" "-v" "/mnt/big/crater/work/local/target-dirs/beta-1.31-5/worker-6/master#8940af3cea4a9a9deabcaf843b2f8cad9a83fc61:/target:rw,Z" "-v" "/mnt/big/crater/work/local/test-source/worker-6/beta-1.31-5/master#8940af3cea4a9a9deabcaf843b2f8cad9a83fc61:/source:ro,Z" "-v" "/mnt/big/crater/work/local/cargo-home:/cargo-home:ro,Z" "-v" "/mnt/big/crater/work/local/rustup-home:/rustup-home:ro,Z" "-e" "USER_ID=1000" "-e" "SOURCE_DIR=/source" "-e" "USER_ID=1000" "-e" "CMD=cargo +8940af3cea4a9a9deabcaf843b2f8cad9a83fc61-alt build --frozen" "-e" "CARGO_TARGET_DIR=/target" "-e" "CARGO_INCREMENTAL=0" "-e" "RUST_BACKTRACE=full" "-e" "RUSTFLAGS=--cap-lints=warn" "-e" "CARGO_HOME=/cargo-home" "-e" "RUSTUP_HOME=/rustup-home" "-m" "1536M" "--network" "none" "crater"`
Dec 02 05:46:15.673 INFO [stdout] cb2e3dfd829df950533a03748dbfb40b845b4bd254a1ae4a9faf6b17e4599547
Dec 02 05:46:15.677 INFO running `"docker" "start" "-a" "cb2e3dfd829df950533a03748dbfb40b845b4bd254a1ae4a9faf6b17e4599547"`
Dec 02 05:46:16.743 INFO [stderr] usermod: no changes
Dec 02 05:46:16.970 INFO [stderr]    Compiling ident_case v1.0.0
Dec 02 05:46:16.972 INFO [stderr]    Compiling derive_builder v0.7.0
Dec 02 05:46:17.775 INFO [stderr]    Compiling darling_core v0.8.0
Dec 02 05:46:28.115 INFO [stderr]    Compiling darling_macro v0.8.0
Dec 02 05:46:32.135 INFO [stderr]    Compiling darling v0.8.0
Dec 02 05:46:34.765 INFO [stderr]    Compiling derive_builder_core v0.4.0
Dec 02 05:46:45.866 INFO [stderr]    Compiling msts_rs v0.1.0 (/source)
Dec 02 05:46:47.159 INFO [stderr] warning: unused import: `crate::file_io`
Dec 02 05:46:47.159 INFO [stderr]  --> src/template_parser.rs:1:5
Dec 02 05:46:47.159 INFO [stderr]   |
Dec 02 05:46:47.159 INFO [stderr] 1 | use crate::file_io;
Dec 02 05:46:47.159 INFO [stderr]   |     ^^^^^^^^^^^^^^
Dec 02 05:46:47.159 INFO [stderr]   |
Dec 02 05:46:47.159 INFO [stderr]   = note: #[warn(unused_imports)] on by default
Dec 02 05:46:47.159 INFO [stderr] 
Dec 02 05:46:47.159 INFO [stderr] warning: unused import: `crate::tasks`
Dec 02 05:46:47.159 INFO [stderr]  --> src/template_parser.rs:2:5
Dec 02 05:46:47.159 INFO [stderr]   |
Dec 02 05:46:47.159 INFO [stderr] 2 | use crate::tasks;
Dec 02 05:46:47.159 INFO [stderr]   |     ^^^^^^^^^^^^
Dec 02 05:46:47.159 INFO [stderr] 
Dec 02 05:46:47.159 INFO [stderr] warning: unused import: `std::collections::HashMap`
Dec 02 05:46:47.159 INFO [stderr]  --> src/template_parser.rs:3:5
Dec 02 05:46:47.159 INFO [stderr]   |
Dec 02 05:46:47.159 INFO [stderr] 3 | use std::collections::HashMap;
Dec 02 05:46:47.159 INFO [stderr]   |     ^^^^^^^^^^^^^^^^^^^^^^^^^
Dec 02 05:46:47.159 INFO [stderr] 
Dec 02 05:46:47.386 INFO [stderr] error[E0061]: this function takes 1 parameter but 0 parameters were supplied
Dec 02 05:46:47.387 INFO [stderr]    --> src/tasks.rs:106:10
Dec 02 05:46:47.387 INFO [stderr]     |
Dec 02 05:46:47.387 INFO [stderr] 106 |         return Some();
Dec 02 05:46:47.387 INFO [stderr]     |                ^^^^^^ expected 1 parameter
Dec 02 05:46:47.387 INFO [stderr] 
Dec 02 05:46:47.403 INFO [stderr] error[E0308]: mismatched types
Dec 02 05:46:47.403 INFO [stderr]    --> src/tasks.rs:123:34
Dec 02 05:46:47.403 INFO [stderr]     |
Dec 02 05:46:47.403 INFO [stderr] 123 |       } else if task_type == TASK_VAR {
Dec 02 05:46:47.403 INFO [stderr]     |  _____________________________________^
Dec 02 05:46:47.403 INFO [stderr] 124 | |     } else if task_type == TASK_VAR {
Dec 02 05:46:47.403 INFO [stderr]     | |_____^ expected reference, found ()
Dec 02 05:46:47.403 INFO [stderr]     |
Dec 02 05:46:47.403 INFO [stderr]     = note: expected type `&dyn tasks::Task<'_>`
Dec 02 05:46:47.403 INFO [stderr]                found type `()`
Dec 02 05:46:47.403 INFO [stderr] 
Dec 02 05:46:47.403 INFO [stderr] error[E0308]: mismatched types
Dec 02 05:46:47.403 INFO [stderr]    --> src/tasks.rs:124:34
Dec 02 05:46:47.403 INFO [stderr]     |
Dec 02 05:46:47.403 INFO [stderr] 124 |       } else if task_type == TASK_VAR {
Dec 02 05:46:47.403 INFO [stderr]     |  _____________________________________^
Dec 02 05:46:47.403 INFO [stderr] 125 | |     } else if task_type == TASK_VAR {
Dec 02 05:46:47.403 INFO [stderr]     | |_____^ expected reference, found ()
Dec 02 05:46:47.403 INFO [stderr]     |
Dec 02 05:46:47.403 INFO [stderr]     = note: expected type `&dyn tasks::Task<'_>`
Dec 02 05:46:47.403 INFO [stderr]                found type `()`
Dec 02 05:46:47.403 INFO [stderr] 
Dec 02 05:46:47.403 INFO [stderr] error[E0308]: mismatched types
Dec 02 05:46:47.403 INFO [stderr]    --> src/tasks.rs:125:34
Dec 02 05:46:47.403 INFO [stderr]     |
Dec 02 05:46:47.403 INFO [stderr] 125 |       } else if task_type == TASK_VAR {
Dec 02 05:46:47.403 INFO [stderr]     |  _____________________________________^
Dec 02 05:46:47.403 INFO [stderr] 126 | |     } else {
Dec 02 05:46:47.403 INFO [stderr]     | |_____^ expected reference, found ()
Dec 02 05:46:47.403 INFO [stderr]     |
Dec 02 05:46:47.403 INFO [stderr]     = note: expected type `&dyn tasks::Task<'_>`
Dec 02 05:46:47.403 INFO [stderr]                found type `()`
Dec 02 05:46:47.403 INFO [stderr] 
Dec 02 05:46:47.427 INFO [stderr] error: aborting due to 4 previous errors
Dec 02 05:46:47.427 INFO [stderr] 
Dec 02 05:46:47.427 INFO [stderr] Some errors occurred: E0061, E0308.
Dec 02 05:46:47.427 INFO [stderr] For more information about an error, try `rustc --explain E0061`.
Dec 02 05:46:47.435 INFO [stderr] error: Could not compile `msts_rs`.
Dec 02 05:46:47.435 INFO [stderr] 
Dec 02 05:46:47.435 INFO [stderr] To learn more, run the command again with --verbose.
Dec 02 05:46:47.438 INFO [stderr] su: No module specific data is present
Dec 02 05:46:48.279 INFO running `"docker" "inspect" "cb2e3dfd829df950533a03748dbfb40b845b4bd254a1ae4a9faf6b17e4599547"`
Dec 02 05:46:48.485 INFO running `"docker" "rm" "-f" "cb2e3dfd829df950533a03748dbfb40b845b4bd254a1ae4a9faf6b17e4599547"`
Dec 02 05:46:48.766 INFO [stdout] cb2e3dfd829df950533a03748dbfb40b845b4bd254a1ae4a9faf6b17e4599547
